alculate f(m).
-1
Let z be ((-5)/1 + 4)*(-4)/4. Let a(c) = 16*c + 1. What is a(z)?
17
Let b be 1 - (-4)/(12/21). Let d = b - 5. Let s(o) = -5*o**2 + o**2 - d*o - o**3 + 2*o - o. Calculate s(-4).
8
Let n be 9/(-2)*4*-1. Let y = 25 - n. Suppose y*g = 2*g - 15. Let v(a) = 5*a + 4. Give v(g).
-11
Let t(m) = m**2 + m. Let b = 2 + -4. Let z be (0 - 2)*(-5)/b. Let f = z + 4. What is t(f)?
0
Let h(y) = 2 - 7 + 1 - 2*y. Suppose -2*g - 11 = 7. Let s be 2/4*(1 + g). Determine h(s).
4
Let w(r) = 4*r**2 - 5*r + 10. Let y be 69/15 + 4/10. Suppose -10 - 15 = -y*f. Let c(x) = -3*x**2 + 5*x - 9. Let h(l) = f*c(l) + 4*w(l). Calculate h(-5).
-5
Suppose k + 5*o = 19, k + 4*o = -2*k + 35. Let m be 6/(3/k*-3). Let x(a) = a + 11. Give x(m).
5
Let k(u) = -2*u**3 + 7*u**2 + 4*u + 1. Let p be k(4). Let v(d) = -d**2 + d - 1. What is v(p)?
-1
Let x(v) = 2*v - 4 - 4 - 1. Let o be x(6). Let p(i) be the second derivative of -i**3/3 - i**2 + 10*i. What is p(o)?
-8
Let d(n) = 6*n + 3. Suppose 0 + 9 = -4*a + 3*i, 2*a + 8 = -2*i. Calculate d(a).
-15
Suppose 2*o = 5*y + 21, 0 = 5*o + 4*y + 12 + 18. Let r be o/(-5)*10/4. Let q(c) = 6*c + 3*c**2 + c**2 - r - 3*c**2. What is q(-5)?
-6
Let a(k) = -2 - 4*k + 3*k + 2*k. Suppose -271*l + 13 = -258*l. Determine a(l).
-1
Let n(k) = k**2 + 5*k - 8. Let t be n(-6). Let j(q) be the third derivative of 0 - 1/120*q**6 - 1/12*q**4 - 1/30*q**5 + 1/3*q**3 + 0*q + q**2. Calculate j(t).
6
Let o be 4/(-2) + 1 + 0. Let n(w) = -4*w - 1. What is n(o)?
3
Let m = -8 + 12. Let n(s) = -2*s - 2 + m*s - s - 2*s. Determine n(-2).
0
Let q be (3/(-6))/(3/36). Let w(o) = 2*o**2 - 2*o**3 - 1 + 3*o**3 + 5*o**2 + 4*o - 2. What is w(q)?
9
Let x(w) = w**3 - 5*w**2 + w + 3. Let f be x(4). Let t = 4 + f. Let h(r) = r**2 + 3*r - 5. Calculate h(t).
5
Let i be 2/((-2)/1)*0. Let y(h) = 3*h - 9. Let x(o) = -o + 3. Let n(p) = -11*x(p) - 4*y(p). Determine n(i).
3
Suppose 4*p - 9 - 15 = 0. Let q(x) = -x**3 + 5*x**2 + 6*x - 3. Give q(p).
-3
Let n(c) = -7*c - 12*c + 27*c - 9*c. What is n(3)?
-3
Let j(l) be the third derivative of -l**4/12 + l**3/6 - 5*l**2. Calculate j(5).
-9
Let r(z) = 2*z + 4. Let l(b) = 7*b**2 + b. Let j be l(-1). Let i = -11 + j. What is r(i)?
-6
Let f(t) = 2*t - 1. Let m(i) = i**2 - 5*i + 3. Let n be m(4). Calculate f(n).
-3
Let y(c) = -c - 3. Let u(b) = b**3 + 10*b**2 + b + 10. Let o be u(-10). What is y(o)?
-3
Let m be 8 + (3 - 1 - 4). Let y be -1 + -3*(-1 + 0). Let c(f) = -f**2 - m*f + 3 + f + 2*f**y + f. Determine c(2).
-1
Let i = -7 - -13. Let j(s) = 1 + 4 + 4*s**2 + i*s - 6*s - s**3. What is j(4)?
5
Let h(q) be the third derivative of -q**5/40 + q**3/6 - 3*q**2. Let g(x) be the first derivative of h(x). Let z(n) = -n + 4. Let t be z(5). Give g(t).
3
Let l = 27 - 12. Suppose 2*a - 4*w - 16 = -2*a, 4*w + l = 3*a. Let c(d) = d - a + 3*d - 2*d. What is c(-1)?
-3
Let b be (9/(-5))/(3/15). Let p(y) = y**3 + 9*y**2 - y - 3. Calculate p(b).
6
Let x = -6 - -9. Let l = 6 + -4. Let t(k) = 10 - 12 - l + k. What is t(x)?
-1
Let g(i) = i**2 - 10*i + 1. Let a be g(10). Suppose -4*m - a = -5, -3*o + 17 = -m. Let d(x) = x**3 - 5*x**2 - 4*x - 5. Determine d(o).
7
Suppose 3 = n + 2*n. Let z(f) be the third derivative of f**7/840 - f**5/30 + 3*f**2. Let p(r) be the third derivative of z(r). Give p(n).
6
Let a(u) = 5*u - 86 - u**2 + 166 - 84. Calculate a(7).
-18
Let h(i) = -i**3 - i + 8. Suppose 3*s = 5*s + 8, -3*l - 4 = s. Give h(l).
8
Let y(s) be the third derivative of -s**5/60 - 7*s**4/24 - s**3/2 + 3*s**2. Suppose -o + l = -3*o - 4, -3*o + 4*l = 28. Determine y(o).
9
Let v(q) = -2*q - 1. Let s(y) = -2*y - 35. Let z(p) = p + 12. Let f(j) = 3*s(j) + 8*z(j). Let g be f(7). Let k = g + -2. Give v(k).
-7
Let j(z) = -3*z + 3. Let v(g) = g**2 + 6*g + 1. Let b be v(-6). Suppose -q = -b - 1. Suppose -q*k - 4 = -8. Determine j(k).
-3
Let w(j) be the first derivative of j**3/3 + j**2/2 + 6*j + 1. Let a(k) = 2*k**2 - 3 + 2*k**2 + k**3 + 2*k + 0*k**3. Let u be a(-3). Determine w(u).
6
Suppose 0*g = -5*g + 40. Suppose 2*y = -y - 6, 2*y - g = 2*i. Let z(m) = -m - 5. Calculate z(i).
1
Let h(p) = -p**2 - 3*p - 1. Let b = -12 - -24. Suppose 4*i + b = i. Determine h(i).
-5
Let h(b) = b**2 - 6*b. Let n be h(6). Let p(a) = a**3 - 2*a + a - 2*a**3. Determine p(n).
0
Let a(p) be the third derivative of p**5/30 - p**4/8 - 4*p**2. Give a(2).
2
Let z(g) = -6*g - 3*g + 7*g + g. Let n = 6 - 1. Calculate z(n).
-5
Let z(x) = 11*x**3 - 25*x**2 + 2*x - 29. Let r(v) = -5*v**3 + 12*v**2 - v + 14. Let q be (-128)/(-22) + (-10)/(-55). Let o(y) = q*z(y) + 13*r(y). What is o(-6)?
14
Let l = 24 + -18. Let j(g) = -g + 8. Determine j(l).
2
Let o be (4 + -6)*3/(-2). Let v = 1 - o. Let t(b) = 2*b - 6*b + 28 + 2*b**3 + b + 2*b**2 - 30. Give t(v).
-4
Let d(l) = 3*l + 17. Let u(w) = w + 6. Let m(p) = -4*d(p) + 11*u(p). What is m(-4)?
2
Suppose -3 = -v + 1. Let z(f) be the second derivative of 1/6*f**3 - f**2 + 0 - f. Give z(v).
2
Let m = 11 + -7. Let z(x) = m*x - 2 + 5 - 5*x. Determine z(-4).
7
Let s(x) = x**2 + 2*x + 1. Let y(q) = -5*q**2 - 10*q - 5. Let p(h) = 11*s(h) + 2*y(h). What is p(2)?
9
Let y(a) = 4*a**2 + 3*a - 2. Let d(z) = -3*z**2 - 3*z + 1. Let o(f) = -3*d(f) - 2*y(f). Calculate o(-2).
-1
Let g(u) = -u**2 - 6*u - 4. Let k(o) = -3*o + 5*o**2 + o - 2*o - 5 - o**3. Let p be k(4). Calculate g(p).
1
Let w(c) = c - 4. Suppose -x - 17 = 5*y, y = -9*x + 12*x - 29. Give w(x).
4
Let x(w) = -w**2 + 2*w + 3. Let k(p) = p**3 - 7*p**2 + 3. Let s be k(7). Give x(s).
0
Let r(p) = -25*p - 19. Let f(u) = 17*u + 13. Let c(t) = 7*f(t) + 5*r(t). Let m(w) = 5*w + 4. Let n(l) = -3*c(l) - 4*m(l). Determine n(3).
-10
Let v(z) = z + 6. Let r = -32 + 26. Give v(r).
0
Let c = 63 - 64. Let s(n) = 5*n**2 - 2*n - 1. Give s(c).
6
Let n(q) = -4 + 293*q**2 - q**3 - 585*q**2 + 1 + 2*q + 298*q**2. Determine n(6).
9
Let k(u) be the third derivative of -u**4/24 + u**3/2 + 3*u**2. Calculate k(9).
-6
Let j be (-1 + (-1 - -3))*-1. Let w = j + 3. Suppose s + r - 6 = 0, 0*s - w*r = s - 7. Let n(p) = p + 4. Determine n(s).
9
Suppose 33 = 3*l + 5*r - 2, -l = -5*r + 15. Let f be 2/(l/(75/6)). Suppose -f*y = 18 + 2. Let u(z) = z**2 + 6*z + 3. Determine u(y).
-5
Let r = 50 + -45. Let n(a) be the first derivative of 0*a**2 - r*a + 1 - 1/4*a**4 - 5/3*a**3. What is n(-5)?
-5
Let j(y) = y**2 - y - 1. Let i = -4 + 6. Suppose 4*n = i + 18. Let b = n + -7. Determine j(b).
5
Let u(q) = q - 1. Suppose -3*h = 2*h - 5. Let v(y) = 4*y**3. Let i be v(h). Give u(i).
3
Suppose 5*t = -5*j + 40, -9 = 4*j - 5*t + 4. Let i(x) be the second derivative of x**4/6 - x**3/2 - x**2/2 + 2*x. Calculate i(j).
8
Let p = -4 + 6. Let s(c) = -4*c**2 - 3 - 1 - 6*c + 3*c**p. Give s(-5).
1
Let m(z) = 6*z**3 + 6*z - 18*z**3 + 0 + 13*z**3 + 7*z**2 - 3. What is m(-6)?
-3
Let p(j) = -j**2 - 2*j. Let g = -4 + 4. Suppose 10 = 3*v - 0*v + 2*a, 2*v - a - 2 = g. Let n be 2/(v - 10/4). What is p(n)?
-8
Let t(r) be the third derivative of 7*r**6/180 + r**5/120 - r**4/24 - 4*r**3/3 - 3*r**2. Let i(x) be the first derivative of t(x). What is i(1)?
14
Let l(g) = -g**3 - g**2 + 3*g - 2. Suppose -4*v + 16 = 3*m, 2*v + 2 = 4*v. Let b(a) = -8*a + 3*a - 1 + m*a. Let y be b(-3). Determine l(y).
-8
Let h(t) = -3 + 3 + 3 - t - t**2. Let n be (-7)/(49/(-63))*2/6. What is h(n)?
-9
Let w(h) be the second derivative of 3*h + 0 + h**2 - 1/3*h**3. Give w(3).
-4
Let t be (-4)/2 + (0 - -3). Let k(f) = -6*f**3 + 3*f**2 - 4*f + 4. Let v(h) = 11*h**3 - 7*h**2 + 9*h - 9. Let i(q) = -9*k(q) - 4*v(q). What is i(t)?
11
Let r(h) be the third derivative of 1/60*h**5 + 1/3*h**3 + 0*h**4 + 2*h**2 - 1/360*h**6 + 0*h + 0. Let c(t) be the first derivative of r(t). What is c(3)?
-3
Let p(l) = l**3 + 5*l**2 + l - 2*l + 6 - 11*l**2 + 0*l. Give p(6).
0
Let m(z) = 1. Let f(u) = u**3 - 6*u**2 + u + 10. Let p(x) = f(x) - 4*m(x). Let w(c) = -5*c**3 + 24*c**2 - 3*c - 24. Let l(t) = -9*p(t) - 2*w(t). Give l(-6).
12
Let v be ((-18)/(-15))/(8/20). Suppose 6*y = v*y. Let f(m) = -2*m + 9. Let p(b) = -3*b + 14. Let w(g) = -8*f(g) + 5*p(g). Give w(y).
-2
Let b(h) be the second derivative of -1/6*h**3 + 3/2*h**2 + 4*h + 0. Let v = 1 - 1. What is b(v)?
3
Let f(x) = 5*x + 3. Let n(j) = -j - 1. Let b(k) = 4*f(k) + 18*n(k). What is b(5)?
4
Let q be -1*(0 + 0)*1. Let x be 2/(-3)*-3 - q. Let t(o) = -2*o - o**x + 2*o - 1 + 5*o. Give t(4).
3
